 when 279556 is divided by 52?
4
Calculate the remainder when 24886 is divided by 1473.
1318
What is the remainder when 4233 is divided by 1012?
185
What is the remainder when 2964 is divided by 19?
0
What is the remainder when 33748 is divided by 90?
88
What is the remainder when 428890 is divided by 24?
10
What is the remainder when 1864282 is divided by 674?
672
Calculate the remainder when 29781 is divided by 806.
765
What is the remainder when 16237 is divided by 807?
97
Calculate the remainder when 18137 is divided by 4.
1
Calculate the remainder when 1007536 is divided by 199.
198
Calculate the remainder when 11399 is divided by 3794.
17
Calculate the remainder when 144402 is divided by 49.
48
What is the remainder when 4328 is divided by 9?
8
What is the remainder when 66218 is divided by 21998?
224
Calculate the remainder when 37617 is divided by 43.
35
Calculate the remainder when 4907 is divided by 350.
7
Calculate the remainder when 32567 is divided by 32460.
107
What is the remainder when 51402 is divided by 1094?
1078
Calculate the remainder when 59475 is divided by 379.
351
Calculate the remainder when 42379 is divided by 163.
162
What is the remainder when 424385 is divided by 74?
69
Calculate the remainder when 494151 is divided by 152.
151
What is the remainder when 10558 is divided by 2635?
18
Calculate the remainder when 1170304 is divided by 69.
64
Calculate the remainder when 3247 is divided by 381.
199
What is the remainder when 2312 is divided by 152?
32
What is the remainder when 3995 is divided by 52?
43
What is the remainder when 30580 is divided by 6004?
560
Calculate the remainder when 15702 is divided by 7818.
66
What is the remainder when 1539 is divided by 501?
36
What is the remainder when 356352 is divided by 2060?
2032
What is the remainder when 272004 is divided by 72?
60
What is the remainder when 102462 is divided by 14?
10
Calculate the remainder when 4365 is divided by 257.
253
What is the remainder when 1720357 is divided by 201?
199
Calculate the remainder when 124668 is divided by 130.
128
What is the remainder when 5972704 is divided by 389?
387
What is the remainder when 454 is divided by 332?
122
What is the remainder when 7612 is divided by 7582?
30
What is the remainder when 73557 is divided by 4597?
5
What is the remainder when 3406 is divided by 260?
26
Calculate the remainder when 1057 is divided by 154.
133
What is the remainder when 12987 is divided by 58?
53
Calculate the remainder when 1578975 is divided by 1224.
15
What is the remainder when 4076 is divided by 4054?
22
What is the remainder when 51368 is divided by 17116?
20
Calculate the remainder when 8020 is divided by 308.
12
Calculate the remainder when 325360 is divided by 2410.
10
What is the remainder when 8856 is divided by 318?
270
Calculate the remainder when 369726 is divided by 2340.
6
Calculate the remainder when 22432 is divided by 11193.
46
Calculate the remainder when 1202 is divided by 1169.
33
What is the remainder when 35977 is divided by 5992?
25
What is the remainder when 11809 is divided by 3863?
220
Calculate the remainder when 1736160 is divided by 923.
920
Calculate the remainder when 16396 is divided by 42.
16
What is the remainder when 260085 is divided by 25?
10
Calculate the remainder when 5101 is divided by 4752.
349
What is the remainder when 148092 is divided by 2427?
45
What is the remainder when 1155571 is divided by 14?
11
What is the remainder when 21498 is divided by 250?
248
Calculate the remainder when 7051 is divided by 227.
14
What is the remainder when 4317 is divided by 71?
57
Calculate the remainder when 48308 is divided by 833.
827
What is the remainder when 1304 is divided by 881?
423
Calculate the remainder when 10954 is divided by 93.
73
What is the remainder when 84783 is divided by 30?
3
What is the remainder when 10148 is divided by 5057?
34
What is the remainder when 251 is divided by 134?
117
Calculate the remainder when 331789 is divided by 525.
514
Calculate the remainder when 944398 is divided by 300.
298
Calculate the remainder when 3161 is divided by 287.
4
Calculate the remainder when 40086 is divided by 8005.
61
Calculate the remainder when 9295 is divided by 545.
30
What is the remainder when 11104 is divided by 301?
268
What is the remainder when 6270 is divided by 271?
37
Calculate the remainder when 1169395 is divided by 493.
492
What is the remainder when 13189 is divided by 45?
4
Calculate the remainder when 86021 is divided by 107.
100
What is the remainder when 17218 is divided by 28?
26
What is the remainder when 5453 is divided by 806?
617
What is the remainder when 52492 is divided by 2?
0
What is the remainder when 1894 is divided by 1748?
146
Calculate the remainder when 110618 is divided by 36866.
20
What is the remainder when 4156 is divided by 100?
56
What is the remainder when 7088 is divided by 1601?
684
What is the remainder when 23243 is divided by 17?
4
Calculate the remainder when 3853 is divided by 227.
221
What is the remainder when 5260 is divided by 4956?
304
What is the remainder when 144355 is divided by 120?
115
Calculate the remainder when 33266 is divided by 923.
38
Calculate the remainder when 51222 is divided by 16999.
225
Calculate the remainder when 3974 is divided by 980.
54
Calculate the remainder when 145548 is divided by 355.
353
Calculate the remainder when 20469 is divided by 295.
114
What is the remainder when 547 is divided by 119?
71
Calculate the remainder when 1435 is divided by 216.
139
What is the remainder when 767 is divided by 397?
370
What is the remainder when 797 is divided by 58?
43
What is the remainder when 6587 is divided by 36?
35
Calculate the remainder when 126209 is divided by 631.
9
Calculate the remainder when 11110 is divided by 925.
10
Calculate the remainder when 23587 is divided by 11782.
23
What is the remainder when 383220 is divided by 95801?
16
Calculate the remainder when 44039 is divided by 12.
11
Calculate the remainder when 6862 is divided by 2284.
10
What is the remainder when 205022 is divided by 68337?
11
What is the remainder when 16178 is divided by 437?
9
Calculate the remainder when 38960 is divided by 111.
110
Calculate the remainder when 134773 is divided by 11.
1
What is the remainder when 76326 is divided by 27?
24
Calculate the remainder when 2048 is divided by 102.
8
Calculate the remainder when 98897 is divided by 38.
21
What is the remainder when 930 is divided by 46?
10
Calculate the remainder when 33274 is divided by 107.
104
Calculate the remainder when 46862 is divided by 65.
62
Calculate the remainder when 5760 is divided by 1399.
164
Calculate the remainder when 1056 is divided by 315.
111
What is the remainder when 4487 is divided by 383?
274
Calculate the remainder when 6692 is divided by 29.
22
What is the remainder when 359090 is divided by 151?
12
What is the remainder when 204643 is divided by 442?
439
What is the remainder when 20051 is divided by 20047?
4
What is the remainder when 9771 is divided by 651?
6
Calculate the remainder when 1581238 is divided by 13.
9
Calculate the remainder when 71656 is divided by 88.
24
Calculate the remainder when 86743 is divided by 229.
181
Calculate the remainder when 6464 is divided by 223.
220
What is the remainder when 10758 is divided by 10549?
209
What is the remainder when 913905 is divided by 406?
405
Calculate the remainder when 6220 is divided by 4.
0
What is the remainder when 123527 is divided by 177?
158
Calculate the remainder when 1745 is divided by 148.
117
What is the remainder when 269 is divided by 255?
14
What is the remainder when 1341546 is divided by 13?
11
Calculate the remainder when 95561 is divided by 7.
4
What is the remainder when 17223 is divided by 3401?
218
What is the remainder when 11516 is divided by 18?
14
Calculate the remainder when 621 is divided by 84.
33
What is the remainder when 432 is divided by 19?
14
What is the remainder when 19285 is divided by 1782?
1465
What is the remainder when 533211 is divided by 76166?
49
What is the remainder when 635 is divided by 64?
59
What is the remainder when 13177 is divided by 837?
622
What is the remainder when 31948 is divided by 15892?
164
What is the re